e greatest common factor of 352 and 784.
16
Calculate the greatest common divisor of 417 and 455781.
417
What is the greatest common divisor of 315 and 28845?
45
What is the greatest common factor of 878 and 25934364?
878
Calculate the greatest common divisor of 4114 and 2550.
34
Calculate the greatest common divisor of 266 and 258153.
133
What is the highest common factor of 16 and 60056?
8
What is the highest common divisor of 70 and 178570?
70
What is the highest common factor of 59530 and 60?
10
Calculate the greatest common factor of 17 and 35819.
17
Calculate the greatest common factor of 387 and 1659843.
387
What is the highest common factor of 5655 and 375?
15
What is the greatest common factor of 132 and 1572?
12
What is the greatest common divisor of 37801 and 13699?
103
What is the highest common divisor of 3044 and 531178?
1522
Calculate the greatest common factor of 290717 and 147.
49
What is the highest common factor of 1356890 and 940?
470
What is the greatest common factor of 433 and 236851?
433
What is the greatest common factor of 1254 and 3078?
114
Calculate the highest common divisor of 366 and 7747.
61
What is the highest common divisor of 1770 and 97822?
118
Calculate the greatest common factor of 532 and 475.
19
What is the greatest common factor of 413031 and 703?
37
Calculate the highest common factor of 9 and 25416.
9
Calculate the greatest common divisor of 8833 and 41756.
803
What is the highest common factor of 36 and 3951?
9
What is the highest common divisor of 505 and 1243310?
505
Calculate the greatest common factor of 44976 and 34669.
937
Calculate the greatest common factor of 82973 and 627.
209
Calculate the greatest common factor of 920 and 1736960.
920
Calculate the highest common factor of 384 and 7944.
24
What is the highest common factor of 6776 and 84392?
616
Calculate the highest common divisor of 35763 and 30576.
273
What is the greatest common divisor of 71150 and 425?
25
What is the highest common divisor of 864 and 11296?
32
What is the greatest common factor of 1 and 574207?
1
Calculate the greatest common factor of 73626 and 70.
14
What is the highest common divisor of 4149681 and 718?
359
Calculate the highest common factor of 39805 and 304.
19
Calculate the greatest common divisor of 8307 and 19305.
117
Calculate the greatest common divisor of 246428 and 2031.
677
What is the greatest common factor of 491225 and 350?
175
What is the highest common factor of 721188 and 780?
156
What is the greatest common factor of 1450 and 154350?
50
Calculate the greatest common factor of 52109 and 749.
107
Calculate the greatest common divisor of 588 and 2153676.
84
What is the highest common factor of 6 and 34820?
2
Calculate the greatest common divisor of 480 and 164960.
160
What is the greatest common factor of 739 and 3695?
739
Calculate the highest common divisor of 3171 and 28.
7
Calculate the highest common factor of 31789 and 332.
83
Calculate the greatest common divisor of 91200 and 900.
300
What is the highest common divisor of 22 and 21708?
2
What is the greatest common divisor of 2296 and 1064?
56
Calculate the highest common factor of 49013 and 46.
23
Calculate the highest common divisor of 2537 and 1593.
59
Calculate the greatest common factor of 52 and 3136939.
13
What is the highest common divisor of 28 and 3631502?
14
Calculate the highest common factor of 162 and 165132.
54
What is the greatest common divisor of 70936 and 16?
8
What is the highest common factor of 76 and 11267?
19
What is the greatest common factor of 6417 and 144?
9
What is the greatest common factor of 3888 and 1704?
24
What is the highest common factor of 858312 and 1053?
117
What is the greatest common factor of 3096 and 7998?
258
Calculate the highest common factor of 1343 and 1598.
17
Calculate the highest common divisor of 3141583 and 283.
283
What is the highest common factor of 250884 and 324?
108
What is the greatest common factor of 47 and 115855?
47
What is the highest common divisor of 460 and 168015?
115
What is the highest common factor of 21 and 2580207?
21
What is the highest common divisor of 44498 and 2318?
38
Calculate the highest common factor of 2544 and 533180.
212
What is the highest common divisor of 7155 and 3869?
53
Calculate the greatest common divisor of 4607 and 85.
17
Calculate the greatest common divisor of 459 and 18309.
51
Calculate the greatest common factor of 90852 and 21.
3
Calculate the highest common divisor of 48 and 6736.
16
Calculate the highest common divisor of 1160712 and 141.
141
Calculate the greatest common factor of 7965 and 513.
27
What is the highest common factor of 690 and 3737730?
690
Calculate the greatest common factor of 1474393 and 17.
17
Calculate the greatest common factor of 74120 and 1600.
40
Calculate the highest common divisor of 264372 and 84.
12
What is the greatest common factor of 935164 and 688?
172
Calculate the greatest common divisor of 1271 and 80414.
31
Calculate the greatest common divisor of 35397 and 2047.
23
What is the highest common divisor of 8927301 and 4542?
2271
What is the highest common factor of 728 and 479752?
728
Calculate the greatest common factor of 15 and 9209505.
15
Calculate the greatest common divisor of 14008623 and 879.
879
Calculate the greatest common divisor of 131 and 530550.
131
Calculate the highest common divisor of 1794 and 14274.
78
Calculate the highest common factor of 354998 and 14.
14
Calculate the highest common factor of 876 and 2512806.
438
Calculate the greatest common factor of 134 and 408097.
67
What is the greatest common divisor of 460616 and 182?
26
Calculate the highest common factor of 1378 and 65.
13
Calculate the greatest common factor of 17 and 523.
1
Calculate the highest common factor of 112620 and 60.
60
What is the highest common factor of 2296 and 7784?
56
What is the highest common factor of 3015270 and 90?
90
What is the greatest common divisor of 156942 and 18?
18
What is the highest common factor of 271840 and 20?
20
Calculate the highest common divisor of 4185 and 1545.
15
What is the highest common divisor of 2727 and 1449?
9
Calculate the greatest common factor of 15862 and 924.
154
What is the highest common divisor of 742 and 49396?
106
Calculate the greatest common factor of 1710 and 5216070.
570
Calculate the greatest common factor of 22793 and 943.
23
What is the greatest common divisor of 55 and 21923?
11
What is the highest common divisor of 1215 and 41085?
45
What is the highest common factor of 4690150 and 950?
950
What is the greatest common divisor of 171 and 7923?
57
Calculate the greatest common divisor of 272014 and 1385.
277
What is the greatest common divisor of 26620 and 886930?
1210
What is the highest common divisor of 20 and 71975?
5
What is the highest common factor of 5559 and 13407?
327
What is the greatest common factor of 374 and 701?
1
Calculate the greatest common factor of 9 and 47964.
3
What is the highest common factor of 1218 and 1711?
29
Calculate the highest common divisor of 502341 and 6384.
399
What is the highest common factor of 45104 and 480?
16
Calculate the greatest common divisor of 174366 and 108.
54
Calculate the greatest common divisor of 66685 and 5.
5
What is the greatest common divisor of 86 and 117562?
86
What is the greatest common divisor of 200 and 31912?
8
Calculate the highest common factor of 110 and 90110.
10
What is the greatest common divisor of 613332 and 18?
18
Calculate the greatest common factor of 184 and 62024.
8
What is the highest common factor of 39990 and 2838?
258
Calculate the highest common divisor of 28288 and 52.
52
What is the greatest common divisor of 144500 and 5?
5
What is the highest common divisor of 56340 and 810?
90
What is the highest common factor of 298656 and 2880?
288
Calculate the greatest common divisor of 165378 and 3698.
86
Calculate the greatest common divisor of 22 and 5269.
11
What is the highest common factor of 20433 and 6321?
147
What is the greatest common divisor of 20 and 147680?
20
Calculate the greatest common divisor of 17181 and 801.
9
What is the highest common divisor of 885 and 233050?
295
What is the greatest common factor of 2288 and 1456?
208
Calculate the highest common divis